-75*p, 4*p + 2*o - 922 = 0. What is the greatest common factor of x and p?
34
Suppose 21*d - 18*d + 2*f - 1622 = 0, 3*f + 15 = 0. Calculate the highest common factor of 17 and d.
17
Let o(a) = a**3 - 7*a**2 - 3*a - 2. Let t be o(8). Let w = t - 29. Suppose 0 = 3*b - w*b + 1620. What is the greatest common factor of 30 and b?
30
Suppose -5*m = -3*m - 278. Suppose -6*k = -m + 43. Suppose -4*q + 960 = k*q. What is the greatest common factor of q and 80?
16
Let m be 44/(-11) - -11 - 29*-42. What is the highest common divisor of m and 98?
49
Let x(l) = 5*l - 26. Let r be x(12). Suppose -27*u - 28 = -r*u. What is the highest common divisor of 11 and u?
1
Suppose -5*p + 3*y + 10424 = 0, -79*p - 8360 = -83*p + 5*y. Calculate the highest common factor of 2720 and p.
160
Suppose 0 = 3*j - 2 - 7, -3*j + 401 = 4*c. Suppose -5*o + 377 = 2*f, -3*o + 519 - 136 = 2*f. Calculate the greatest common factor of f and c.
98
Suppose 5*u + 57 = -4*c + 174, -136 = -5*c + 4*u. Suppose -77*x + 3*x + 1258 = 0. Let b = c - x. Calculate the greatest common factor of 88 and b.
11
Suppose -u = 2*k - 262, -5*u = 4*k - 2*k - 246. Suppose -3*s + 9 = -12. Calculate the greatest common divisor of s and k.
7
Let r = 179 + -183. Let h be 6 + 47 - r - -3. Calculate the greatest common factor of 12 and h.
12
Suppose 4*t = 3*j + 1029, 0 = 3*t + 58*j - 56*j - 742. Calculate the highest common divisor of t and 1332.
36
Suppose 1 = -7*x + 6*x. Let y be 2*(11/(-2))/x. Let i(s) = 2*s**2 - 51*s + 314. Let g be i(18). What is the highest common factor of g and y?
11
Let h be 523 - ((-6)/(-48)*0 - -3). Calculate the highest common factor of h and 600.
40
Let r = -12410 - -13124. What is the highest common divisor of 336 and r?
42
Suppose 5*u - 44 = y, 57 = 5*u + 2*y - 5. Calculate the highest common divisor of 1630 and u.
10
Suppose -34*h + 271819 = 97229. What is the greatest common factor of h and 65?
65
Suppose 3 = -3*v + 45. Let r = 333 + -345. Let t(u) = -u**3 - 11*u**2 + 17*u + 88. Let d be t(r). Calculate the highest common divisor of d and v.
14
Suppose 3*n - 8 - 4 = 0. Suppose -1034 = -n*w + 118. Let h be 1 - -2 - (-27 - 2). Calculate the highest common divisor of w and h.
32
Suppose l = 4*o + 78 + 105, -2*l + 7*o + 367 = 0. What is the greatest common factor of l and 11?
11
Let a(f) = -233*f + 1130. Let o be a(-14). Calculate the greatest common divisor of o and 288.
72
Let t(j) = 304*j**2 - j - 1. Let r be t(-1). Suppose 8*u = 204 - 52. What is the greatest common divisor of r and u?
19
Let y(w) = -w**2 - 22*w - 38. Let b be y(-18). Suppose -2*m + 0*m = 4*p - b, 0 = m - 5. Suppose 77 + 37 = p*q. Calculate the highest common factor of 152 and q.
19
Let q(t) be the third derivative of -1/60*t**5 + 0 + 0*t + 7*t**2 + 25/6*t**3 + 11/12*t**4. Let h be q(17). Calculate the highest common factor of 275 and h.
55
Suppose -274*r + 125766 = -240*r. What is the highest common factor of r and 81?
27
Let p be (-18 - 67)/(2*(-2)/32). What is the highest common divisor of p and 900?
20
Let d(v) = -220*v - 387. Let j be d(-4). Suppose 3*s - 100 = m, -3*m - 2*m + 44 = s. What is the greatest common divisor of j and s?
17
Suppose -12*x - 138370 = -120*x + 117374. Calculate the highest common factor of 148 and x.
148
Let c = -612 + 682. Let y = c + 135. What is the greatest common divisor of 5 and y?
5
Let o be 4/90*-3 + 85/75. Let i be ((-12)/3 - o)/((-2)/14). Let q = 553 - 308. Calculate the greatest common divisor of q and i.
35
Suppose -237303 = 64*z - 205*z. Calculate the highest common divisor of 306 and z.
153
Let v be 9/(-12) - (-24)/32. Suppose -5*h + 814 - 99 = v. What is the highest common factor of 13 and h?
13
Suppose -5*g = 3*j - 400, -3*j - 66*g = -62*g - 404. Let y be ((-56)/(-6))/(1/3). What is the greatest common divisor of y and j?
28
Let k = 28103 - 27787. Calculate the highest common factor of 12482 and k.
158
Let r = 337 + -287. Suppose 29*t - r = 24*t. What is the greatest common divisor of 290 and t?
10
Suppose -18*j + 36 = -16*j. Let s be (-30)/j - (-124)/6. Calculate the highest common divisor of s and 19.
19
Suppose 30 = 2*i - 293*b + 290*b, 4*b = -3*i + 62. Calculate the greatest common divisor of 12114 and i.
18
Let k = 7831 - 7803. Suppose 0*d + 2*d - 196 = 0. What is the highest common factor of d and k?
14
Let b be ((858/(-24))/(-13))/(6/48). What is the greatest common factor of b and 2?
2
Let l be (320/15)/(86/7740). Calculate the highest common divisor of 420 and l.
60
Let b be (3 + 24/(-9))/((-77)/(-1848)). Let d(z) = 38*z + 1. Let h be d(1). Suppose -31*p = -h*p + b. What is the highest common factor of p and 17?
1
Suppose -y - 4 = 46. Let t = 55 + y. Suppose p - 23 = -2*p - 4*r, 3*r = t*p - 48. Calculate the greatest common factor of p and 3.
3
Let s be -67*(4 + -3) - 2. Let r = -14 - s. What is the greatest common factor of 605 and r?
55
Suppose -4*l - 4*x - x + 6 = 0, 4*x - 8 = -4*l. Suppose 4*u - 4*i + 9*i = 644, l*u - 616 = 2*i. What is the highest common factor of 36 and u?
12
Suppose 9*f + 2*f = 1078. Let d = -23 + f. Let o = d - 19. What is the highest common factor of 16 and o?
8
Let p(x) = x**3 - 13*x**2 - 193*x - 71. Let l be p(22). Suppose 9 = 3*t - 108. Calculate the greatest common divisor of l and t.
39
Let g(o) = 3*o**3 + 2*o**2 - 3*o + 2. Suppose 7*v = 91 + 140. Let p = v - 32. Let i be g(p). Calculate the greatest common divisor of i and 2.
2
Let w = 987 + -945. Suppose 8*s - 3*s - 50 = -3*o, o - 14 = s. Calculate the greatest common factor of o and w.
3
Suppose -3*r - 4*o = -22, -o = 3*r + o - 14. Let q(d) = d - 5 - d + 3*d + r*d**2. Let x be q(2). Calculate the greatest common divisor of 9 and x.
9
Let x(t) = t**3 + 6*t**2 + 22*t + 44. Let q be x(-3). Calculate the greatest common factor of 1405 and q.
5
Let u(p) = 65*p + 814. Let i be u(-11). What is the highest common divisor of 14355 and i?
99
Suppose 25 = -5*a, 4*r - 3*a - 54 = 109. Let f be -2*19*-1 - 0/r. Calculate the highest common divisor of 38 and f.
38
Let j be 14/(-4) - (124151/(-34) - -28). Calculate the highest common divisor of 10 and j.
10
Let a be ((-423)/39 - -3)/((-2700)/17550). Let h be (102/(-4))/(9/(-12)). Let s be (1 - -1)*h/4. What is the highest common divisor of s and a?
17
Let h be (-3 + 15/45)*3/2 + 31. Calculate the greatest common factor of h and 369.
9
Suppose 0 = -5*d + 5*b + 5680, 4*d - 316 = 3*b + 4232. Suppose -12*k - d = -16*k. Suppose -x = 4*x - k. Calculate the greatest common divisor of x and 76.
19
Suppose 20*p = 17 + 403. What is the greatest common factor of 21 and p?
21
Let y = -362 - -370. Suppose -y*j = 9*j - 7140. Calculate the highest common factor of j and 12.
12
Let j be (-1 - -2) + 0 - (-47 - -49). Let y be (4 + -3)*j*75. Let m be (-480)/y - (-6)/10. Calculate the highest common divisor of m and 7.
7
Let c = 33 + -23. Let p = -789 - -798. Suppose 708 = p*n + 78. What is the greatest common divisor of c and n?
10
Let t = -76 + 89. Let h(v) = 22*v - 4. Let d be h(1). Let u = d + 8. Calculate the highest common factor of u and t.
13
Let j(n) = 47*n + 1415. Let d be j(-7). What is the greatest common factor of d and 36?
6
Suppose -42 = -3*z + 3*l, -55 = -3*z - z + 5*l. Calculate the greatest common factor of z and 3270.
15
Let l be (-325)/(-1) + ((-4 + 13)/3)/1. What is the greatest common divisor of 1558 and l?
82
Let d = -50 - -52. Suppose -2*k - u + 400 = -k, -d*k + 3*u = -800. Calculate the greatest common factor of 25 and k.
25
Let q(f) = 50*f - 620. Let n be q(13). What is the greatest common divisor of 48 and n?
6
Let n be (1 + (-9)/(9/2))/(2/(-9840)). Calculate the greatest common factor of 123 and n.
123
Let i(h) = 44*h + 63. Let c be i(14). Let m = c + -259. Calculate the greatest common factor of 36 and m.
12
Let i(a) = a**2 + 8*a - 3. Let r = -11 + -1. Let l be i(r). Suppose 330 = 98*m - 87*m. What is the greatest common divisor of m and l?
15
Let d = -9270 - -9458. Calculate the highest common factor of 14147 and d.
47
Suppose -3*j - 104 = -2*o, 39*o - 36*o - 2*j - 166 = 0. Suppose -52*s = -o*s + 90. Calculate the highest common factor of s and 375.
15
Let s(g) = 3*g**2 - 12*g - 19. Let x = 102 + -92. Let f be s(x). Suppose 6*b = -m + 4*b + 19, b - 21 = -m. Calculate the greatest common factor of f and m.
23
Let u = 55 + -49. Let 